.
32
What is the remainder when (21/7 + 83)*2 is divided by 35?
32
Let c = -274 + 485. Calculate the remainder when c is divided by 112.
99
Let v = 25 + 26. Calculate the remainder when 65 is divided by v.
14
Let w = -149 + 157. Suppose 34 = w*l - 6*l. Calculate the remainder when 32 is divided by l.
15
Let g be (-15)/(-90) - 2/12. Suppose g = 5*h - h - 20. Calculate the remainder when 18 is divided by h.
3
What is the remainder when 194 is divided by -4 + 6 + 5 + (-67)/(-1)?
46
Suppose 2*i + 222 = 4*w, 2*i - 10 = 2*w - 124. Calculate the remainder when 209 is divided by w.
47
Let k(z) = 2*z - 17. Calculate the remainder when 34 is divided by k(13).
7
Suppose -280 = 40*c - 47*c. What is the remainder when -3 - -2 - (-238)/2 is divided by c?
38
Suppose 0 = 4*a + f - 143, 0 = 4*a - 4*f - 122 - 6. What is the remainder when a is divided by 13?
9
Suppose -3*f = -3, 3*v - 5*f - 298 = -54. Suppose 39 = 3*u + 3*i, -7*u = -2*u - 4*i - 74. What is the remainder when v is divided by u?
13
Suppose 4*a - 18 = 66. Calculate the remainder when ((2 + 1)/1)/(a/665) is divided by 12.
11
Let x = -180 + 452. What is the remainder when (3/(-6))/((-4)/x) is divided by 12?
10
Suppose 2 = 3*n + 3*j - 4*j, -5*n = 5*j - 30. Suppose 0 = -9*s + 2*s + 35. What is the remainder when n is divided by s - (2 + 2 + 0)?
0
Suppose -10*b + 9*b + 18 = 0. Suppose -3*q + 3*g + b = 0, -70 = 5*q - 10*q - 3*g. What is the remainder when q is divided by 7?
4
Let a = 7 + -4. Suppose -3*k + 51 = -o, -4*k - k + 232 = -4*o. Let y = o - -80. Calculate the remainder when y is divided by a.
2
Suppose 5*b - 62 = -x, 110*x + b - 190 = 105*x. What is the remainder when x is divided by 13?
11
Suppose 2*p - 2*v = 16, -52 = -5*p - 3*v + 2*v. Suppose 0*m + 195 = 4*a + m, -2*a + 3*m + 101 = 0. Calculate the remainder when a is divided by p.
9
Suppose 0 = -24*x + 817 + 431. Calculate the remainder when 63 is divided by x.
11
Suppose -2*h + 12 = -6*h. Let v(x) = -x**3 - 2*x**2 - x - 4. Calculate the remainder when 7 - 11 - (-1 - 42) is divided by v(h).
7
Let r(p) = -p**2 - 45*p - 36. Calculate the remainder when r(-43) is divided by 23.
4
Let p = 338 - 304. Let m(b) = 7*b - 2. Calculate the remainder when p is divided by m(3).
15
Let g = -21 + 30. Suppose z - g = -0. What is the remainder when ((-60)/16)/5*-44 is divided by z?
6
Suppose -3*a = -36 - 9. Suppose a = 3*l - 228. Calculate the remainder when l is divided by 17.
13
Suppose -9*x + 553 = -4874. Calculate the remainder when x is divided by 11.
9
What is the remainder when (-12)/(-4) - -1 - (-531 + -4) is divided by 108?
107
Suppose 7*q - 4*q = 132. What is the remainder when q is divided by 12?
8
Let q = 968 + -949. What is the remainder when 73 is divided by q?
16
Suppose -3*v = 2*g - 23, 8*v - 4*g - 75 = 3*v. Suppose -a = -3*a + 4*f + 56, 0 = 3*a + 5*f - 40. What is the remainder when a is divided by v?
9
Suppose -35 = -4*d - 0*j - 3*j, 0 = -5*j + 5. Suppose -4*s = -0*s - 116. What is the remainder when s is divided by d?
5
Let j be (-35)/(-3*3/36). Suppose 2*y = 2*m - 70, 3*m - j = y - 39. Let w(q) = -5*q - 2. Calculate the remainder when m is divided by w(-4).
15
Let s = -13 + 5. Calculate the remainder when 57 is divided by (-3*(-4)/(-15))/(s/300).
27
Let g = 38 + 32. Suppose -7 = -2*v + 5. Suppose 2*c - g - v = 0. What is the remainder when c is divided by 10?
8
Suppose -3*m = -z - 1 + 2, -4*m = -4*z + 28. Suppose 3*d = -3*w + 15, d - 2*w = -2*d. What is the remainder when ((-28)/3)/(d/(-6)) is divided by z?
8
Let n(b) = -2*b + 2. Let v be n(2). Let m = 6 - v. Suppose 0 = 5*s - 32 - m. Calculate the remainder when 21 is divided by s.
5
Let o = 230 + -228. Suppose -28 = -4*d + 2*a, 23 = 5*d - 2*a - 10. What is the remainder when d is divided by o?
1
Suppose 2*v + 3*v = -5. Let n be ((-8)/4)/(v - 1). What is the remainder when 32 is divided by -17*n*(7 - 8)?
15
Let t be 20/(-150) - (-1234)/30. Let c = -38 + t. Calculate the remainder when 6 is divided by c.
0
Let d(t) = -t**3 + 15*t**2 + 2*t - 24. Suppose 0 = -2*n + 3*q + 30, -5*q - 1 = n - 16. Calculate the remainder when 22 is divided by d(n).
4
Suppose 20*m + 111*m = 5109. Suppose p = -3*k + 10, 1 = p - 5*k - 1. Calculate the remainder when m is divided by p.
4
Let w = -247 + 316. What is the remainder when w is divided by 28?
13
Let a(c) = -c**2 - 23*c + 64. Calculate the remainder when a(-15) is divided by 17.
14
Suppose -3 = 4*f - 23. Suppose -5*h - f = 0, -w + 7 = -0*w + 2*h. What is the remainder when 15 is divided by w?
6
Suppose 5*r - b = 128, -5*r + 0*r = 2*b - 134. Suppose 2*j + 3 = -1, -2*j = 5*d - 66. Calculate the remainder when r is divided by d.
12
Suppose 0 = 75*w - 51*w - 2880. Calculate the remainder when w is divided by 14.
8
Suppose b - 8 = 5*b, 2*b + 10 = 3*i. Suppose -12*p + 29 = -19. Suppose 3*r = -p*x + 35, 0 = i*r - 5*r + 15. Calculate the remainder when 24 is divided by x.
4
Suppose -24*u + 351 = 15*u. Calculate the remainder when 205 is divided by u.
7
Let a(n) = n**3 - 4*n**2 + 2*n + 12. Calculate the remainder when 79 is divided by a(4).
19
Let z = 8 + 35. Calculate the remainder when z is divided by 18 + (-1 + 3)/((-64)/(-128)).
21
Suppose -3*y + 4 = -2. Suppose y*j = -9 - 3. Calculate the remainder when 43 is divided by (-11)/2*j/3.
10
Let b = 234 - 223. What is the remainder when 218 is divided by b?
9
Suppose 0 = -x - 0*x + 60. Calculate the remainder when 65 is divided by x.
5
Suppose -92*g + 1648 = -76*g. Let q(c) = c**2 + c - 4. Calculate the remainder when g is divided by q(7).
51
Let h = -388 - -463. What is the remainder when 220 is divided by h?
70
What is the remainder when 82 is divided by -1 + 50 - (176/11)/8?
35
Let t = -7 - -18. Let v(m) = -7*m**2 + 20*m + 16. Let c(n) = -3*n**2 + 10*n + 8. Let y(b) = 5*c(b) - 2*v(b). What is the remainder when y(6) is divided by t?
10
Let r = 54 - 49. Suppose 0*c - 115 = -r*c. Calculate the remainder when c is divided by 4.
3
Let l(p) = p**2 + 8*p - 18. Let a be l(-10). Let v be (a - 1 - 0) + 9. What is the remainder when 33 is divided by 310/25 - 4/v?
9
Suppose -75 = -26*y + 21*y + j, y = 3*j + 29. What is the remainder when 132 is divided by y?
6
Let j be 3 - (-4)/6*(11 + -17). Let r be 45/3*28/(-3). Calculate the remainder when 35 is divided by j/(-4 + r/(-36)).
8
Let w = -5 + 9. Suppose -w*v - 3 = 13. Let i = 7 + v. Calculate the remainder when 3 is divided by i.
0
Suppose -4*j - 33*c + 54 = -31*c, -4*j = -2*c - 74. Calculate the remainder when 319 is divided by j.
15
Suppose 173 = 3*w - b, 25*w - 28*w + 5*b + 193 = 0. Let p = 307 + -143. What is the remainder when p is divided by w?
52
Let r = 129 - 53. Let k = 583 + -333. Suppose -r = 3*c - k. Calculate the remainder when c is divided by 30.
28
Let p(l) = -l**3 - 5*l**2 + 42*l + 5. What is the remainder when p(-10) is divided by 44?
41
Suppose 0 = -2*w + 4*u + 186, -4*w + 258 = -5*u - 105. Calculate the remainder when 253 is divided by w.
79
Let f(d) = -d**2 - 4*d + 7. Let h be f(2). Calculate the remainder when 45 is divided by 2*(-3 - h - -6).
13
Suppose -4*h + 170 = -2*z + 502, h + 518 = 3*z. What is the remainder when z is divided by 16?
14
Let l = -40 - -42. Suppose l*d - 12 - 20 = 0. Let k(m) = -5*m + 5. Calculate the remainder when k(-5) is divided by d.
14
Let f = 958 - 810. What is the remainder when f is divided by 19?
15
Let w(g) = 66*g**2 + g - 1. Calculate the remainder when w(1) is divided by ((-8)/4 + (-45)/(-5))*2.
10
Let t be (-60)/(-42)*(1 - -6). Let u(i) = -7 - t + 17 - 14*i. What is the remainder when 82 is divided by u(-2)?
26
Let c = 331 + -221. Let z be 6/8 + (-1035)/36. Calculate the remainder when c is divided by -2 - z - 4/(-2).
26
Let n = -1027 - -1126. What is the remainder when n is divided by 20?
19
Calculate the remainder when 2/7 + 509/7 is divided by 18.
1
Let b = 4 + 6. Suppose b*k - 8*k - 8 = 0. Suppose -2*m + m + 19 = u, k*m - 52 = 4*u. What is the remainder when 61 is divided by m?
13
Suppose 150 + 255 = 2*d + 3*b, 0 = d - 3*b - 225. Suppose -18*y = -13*y - d. Calculate the remainder when y is divided by 16.
10
Suppose -4*n = -4*c - 144, 2*n = -c + 4*c + 72. Suppose -s + 7 = -14. Calculate the remainder when ((-2 - n) + -3)/(-1) is divided by s.
20
Let j(k) = 4*k + 30. Let r be j(-8). Calculate the remainder when